 factors of r.
7
Let v(f) = f**3 + f + 20. Let r be v(0). Suppose z = -2*t - 11 - 2, 4*z = r. Let b = 1 - t. List the prime factors of b.
2, 5
Let t = 11 + -9. Suppose 5*f + 16 = t*k - 16, -f = -4. List the prime factors of k.
2, 13
Suppose 4*t - 6 = 2*t. Suppose 1 + t = w. List the prime factors of (2/2)/(w/56).
2, 7
Suppose 2 = 4*f - 14. Suppose f*l = -20, 2*n + 5*l = -20 + 5. List the prime factors of n.
5
Let z(p) = -p**3 + 14*p**2 - 13*p - 6. List the prime factors of z(12).
2, 3, 7
Suppose -4*z + 4*c - 212 = -9*z, -3*z + 4*c + 108 = 0. What are the prime factors of z?
2, 5
Let c = 8 - 2. Let m = c + -2. Suppose m*b - 26 = 6. What are the prime factors of b?
2
Let w = -9 - -11. Let j = 16 + w. List the prime factors of j.
2, 3
Let o(i) = -3*i**3 - i**2 - i - 3. What are the prime factors of o(-3)?
2, 3
Suppose -a + 1 - 12 = -3*g, 0 = g - 5*a - 13. Suppose -g*h + 1 = -5. List the prime factors of h.
2
Suppose -2*d - 4*u + 29 + 83 = 0, -293 = -5*d + 3*u. What are the prime factors of d?
2, 29
Let d(o) = -o**3 + 4*o**2 + 1. Suppose -i - 1 = -w, 0*i + 2*i - 7 = -w. What are the prime factors of d(w)?
2, 5
Let v(k) = k**3 + k**2 + 21. Let p be v(0). Let j = p + -4. List the prime factors of j.
17
Suppose -3*i = -0*i. Let f = i + 15. List the prime factors of f.
3, 5
Let v = 10 + -3. List the prime factors of 2/(9/v + -1).
7
Suppose 0 = -s + 2*p - 1, -4*s + p - 2 = -12. Suppose 0 = -c + s*u + 22, 2*c = -u + 13 - 4. List the prime factors of c.
7
Let t be ((-3)/2)/((-1)/2). List the prime factors of 0 + -6 + t - -28.
5
What are the prime factors of (1 - 4 - 0)/(159/(-6095))?
5, 23
Let s(f) = -f**3 + 8*f**2 + f - 8. Let j be s(8). Suppose 2*q = -5 + 3. What are the prime factors of 5 + j + q + 0?
2
Let n(k) = k**3 - 21*k**2 + 21*k + 25. What are the prime factors of n(20)?
3, 5
Let q(y) be the first derivative of -2*y**2 - 2*y - 3. List the prime factors of q(-3).
2, 5
Let u = 131 - 55. What are the prime factors of u?
2, 19
Let o = 9 - -27. List the prime factors of o.
2, 3
List the prime factors of 156/15*1275/30.
2, 13, 17
Suppose 9*r - 5*r = 256. Let h = r - 35. List the prime factors of h.
29
Let z(l) = l + 3. Let k = 8 - 5. What are the prime factors of z(k)?
2, 3
Let d = -20 + 40. What are the prime factors of (48/(-40))/((-6)/d)?
2
Suppose -57 = 5*d - 3*v + 2*v, 4*v + 12 = 0. Let t be (-63)/d - 3/12. Let g(a) = 3*a + 5. List the prime factors of g(t).
2, 5
Let x = 14 - 24. List the prime factors of ((-3)/(-2))/((-3)/x).
5
Suppose 4*o = 5*h - 50, -2*h - 2*o + 33 + 5 = 0. Suppose 0 = 2*b - h - 8. List the prime factors of b.
11
Let a(w) = -9*w + 13. List the prime factors of a(-4).
7
Let v be (120/(-9))/((-3)/9). Let z = 66 - v. List the prime factors of z.
2, 13
Suppose 7*p - 2*c = 4*p - 30, 3*c + 21 = -p. Let s be ((-16)/10)/(p/30). Suppose -12 = -s*y + 4. List the prime factors of y.
2
What are the prime factors of (-2)/(((-16)/(-124))/(-2))?
31
Let b(r) = r**2 - 3*r - 7. Let p be b(5). Suppose 0*n - 27 = -p*n. Suppose m - n = -2*k, 2*k - 3*m - 2 = -5. List the prime factors of k.
3
Suppose -b + 124 = 3*b. Suppose 0 = g - 5*w, -2*g = 5*w - 29 - b. List the prime factors of g.
2, 5
Let v(z) = -12*z + 36. List the prime factors of v(-13).
2, 3
Let s(k) = k - 17. Let t be s(13). List the prime factors of (t + 5)/((-2)/(-94)).
47
Suppose -5*v = -3*v. Let b(g) = g**2 - g + 4. Let z be b(0). Suppose v*m = 4*t - m - z, -2*m = 4*t - 16. What are the prime factors of t?
2
Suppose 0 = 2*h - 13 + 3. Let j(z) = 67*z**2 - z. Let k be j(1). Suppose 26 = -h*v + k. List the prime factors of v.
2
Let b(l) = -l**3 + 2*l**2 + 2. Suppose 0 = -3*v + 8*v - 10. List the prime factors of b(v).
2
Let y = 11 + 71. List the prime factors of y.
2, 41
Suppose -4*f = s + 10, f - 11 = -s + 4*f. Suppose -s*x + 10 = 50. What are the prime factors of (1*-1)/(4/x)?
5
Suppose -8 = 2*u, -5*n - 4*u + 23 = -2*n. List the prime factors of n.
13
Let v = 26 + -15. List the prime factors of v.
11
Suppose -6*r - 3*a = -2*r - 325, -4*a = -2*r + 190. What are the prime factors of r?
5, 17
Suppose 3*l = 5*g + 5, 3*l + 3*g + 4 - 1 = 0. Suppose -12 = -l*z - 2*z. Suppose 3*x = z + 6. What are the prime factors of x?
2
Suppose y = -6 + 25. List the prime factors of y.
19
Suppose -3*g + 2*s + 277 = 0, 4*g - 2*g + s = 187. Suppose g = 5*r + h, h = -2*r + r + 17. What are the prime factors of r?
19
Suppose 0 = 5*a - 2*a - 12. Suppose 6*v = a*v + 26. List the prime factors of v.
13
Let j = -15 - -5. What are the prime factors of (-6)/15 + (-194)/j?
19
Let b = 19 - 3. Suppose -21*s + b*s = -70. What are the prime factors of s?
2, 7
Let v = 38 + -8. List the prime factors of v.
2, 3, 5
Suppose -y + 6*y = -5*n + 185, 0 = 5*n. List the prime factors of y.
37
Suppose 3*i = c - 4, 1 - 32 = -4*c - 3*i. Suppose -a - 5*b = -7, 4*a + 0*b = b + c. What are the prime factors of a?
2
Let t = 1 + 2. Let d be (3 - 1)*(t - 1). Suppose -d + 12 = 4*m. What are the prime factors of m?
2
Suppose -2*t + q = t - 15, -3*t + 5*q = -3. Let r = 14 - t. List the prime factors of r.
2
Suppose -4*d - t + 61 = -6*t, 3*d - t - 32 = 0. What are the prime factors of d?
3
Let b(p) = p + 12. Let g be b(-6). Suppose a + 2*a = -g, 5*n = 4*a + 38. List the prime factors of ((-4)/n)/((-6)/63).
7
Let b(r) = 3*r**2 + 8*r - 6. List the prime factors of b(-6).
2, 3
Let r = 33 - 15. Suppose 4*p = 3*v + 22, -4*v = -5*v - 5*p + r. List the prime factors of (-45)/(-5) + v + 0.
7
Let l(o) = 2*o**2 + o + 256. List the prime factors of l(0).
2
Suppose -5*u = 2*b + b, 0 = 5*u + 15. Suppose -3*z = 3*f - 66, b*f - 69 = -2*z + 35. Let i = -8 + f. What are the prime factors of i?
2, 3
Let f(g) = -g**3 + 6*g**2 - 4*g + 3. Let z(v) = v**2 - 4. Let s be z(-3). What are the prime factors of f(s)?
2
Let w(t) = 5*t - 30. List the prime factors of w(17).
5, 11
What are the prime factors of 1128/18 + 2/6?
3, 7
Let w(b) = -b + 52. Let x be 0/(2 + -3 - 1). Let n be w(x). Suppose -s + 3*j + 36 = -2*j, 3*s = j + n. List the prime factors of s.
2
Let b be (-3 + (-3 - -2))*-1. What are the prime factors of 1/4 - (-71)/b?
2, 3
Let n = 67 - -38. List the prime factors of n.
3, 5, 7
Let m = 116 + -55. Let l = m - 35. List the prime factors of l.
2, 13
List the prime factors of -3 + 7/((-7)/(-15)).
2, 3
Let t be (6/9)/((-2)/(-3)). Let c be (0 + 6/t)*1. List the prime factors of (18/4)/(c/16).
2, 3
Let w(j) = j**2 + 4*j - 7. Let s = -2 + 0. Let d(n) = -n**2 - 3*n + 7. Let r(k) = s*d(k) - 3*w(k). What are the prime factors of r(-5)?
2, 3
Let r = 1 - 1. Suppose r*v - 150 = -5*v. Suppose -n + 4*p = n - 30, 2*n + p = v. What are the prime factors of n?
3, 5
List the prime factors of 49/4 + (-8)/32.
2, 3
Suppose -2 + 24 = -4*a - 3*p, -2*a - 12 = 2*p. Let x = a + -1. What are the prime factors of (-12)/x + (-16)/40?
2
Suppose -u - m = -10 + 2, -3*u + 4*m - 11 = 0. Suppose -3*o + 21 = -u. List the prime factors of o.
2
Let h(x) = -x**2 - 4*x. Let g be 2/(-8) + (-3)/(-12). Let b = g - 2. What are the prime factors of h(b)?
2
Let p be (-6)/(-8) + 30/(-40). Suppose -2*j = -3*u + 4*u - 61, p = -3*j + 2*u + 109. What are the prime factors of j?
3, 11
Let z(r) = 5*r**2 - 2 - 3*r**2 + 0*r + r. Suppose a - 4*m = -m + 8, a = -m. What are the prime factors of z(a)?
2
Suppose 3*f = -2*q + 143, -2*f - 3*f = -2*q + 167. What are the prime factors of q?
2, 19
Let w be 0 + (26/(-2) - 1). List the prime factors of ((-5)/5)/(1/w).
2, 7
Let f be -8 - 4 - (-1)/1. Let x = f + 21. What are the prime factors of x?
2, 5
Suppose 7*j - 110 = 2*j. What are the prime factors of j?
2, 11
List the prime factors of 6/(-15) - 34/(-10).
3
Let j(p) = 1 + 4*p - 2*p - 4*p. Let k be j(-1). Suppose -k - 5 = -c. What are the prime factors of c?
2
Let y(a) = 2*a**2 - 6*a - 19. Let n(z) = z**2 - 3*z - 9. Let t(m) = -13*n(m) + 6*y(m). Let v be t(4). Let f = 4 - v. What are the prime factors of f?
5
What are the prime factors of (-6)/10 + (-348)/(-5)?
3, 23
Suppose 0 = 4*m - n - n - 70, 0 = 3*m + 2*n - 63. Let i be 1/4 - 45/(-12). What are the prime factors of m + -2 + i + -4?
17
Let z be (-3 - (-13 - 1)) + -2. Suppose -5*l + z = 2*b - 2, -4*b + 2*l = -82. List the prime factors of b.
2, 3
Let d(i) be the first derivative of -i**2/2 + 12*i + 3. Let b be d(10). Suppose -b*s + 24 = 5*o, 4*s - o + 6*o - 48 = 0